{"id":124,"date":"2025-03-10T15:22:56","date_gmt":"2025-03-10T15:22:56","guid":{"rendered":"https:\/\/www.synergiary.fi\/etusivu\/?page_id=124"},"modified":"2026-01-11T13:54:35","modified_gmt":"2026-01-11T11:54:35","slug":"yhdistyksen-saannot","status":"publish","type":"page","link":"https:\/\/www.synergiary.fi\/etusivu\/yhdistyksen-saannot\/","title":{"rendered":"Yhdistyksen s\u00e4\u00e4nn\u00f6t"},"content":{"rendered":"\n<p>N\u00e4m\u00e4 s\u00e4\u00e4nn\u00f6t ovat voimassa 18.11.2025 alkaen<\/p>\n\n\n\n<ol class=\"wp-block-list\">\n<li><strong>Nimi ja kotipaikkakunta<br><\/strong><br>Yhdistyksen nimi on Soveltavan psykologian ainej\u00e4rjest\u00f6 Synergia ry, jatkossa s\u00e4\u00e4nn\u00f6iss\u00e4 k\u00e4ytet\u00e4\u00e4n lyhennett\u00e4 Synergia.<br><br>Yhdistyksen kotipaikkakunta on Helsinki ja virallinen kieli on suomi.<\/li>\n\n\n\n<li><strong>Tarkoitus ja toimintamuodot<br><\/strong><br>Yhdistyksen tarkoituksena on toimia Helsingin yliopiston soveltavan psykologian opiskelijoiden etuj\u00e4rjest\u00f6n\u00e4, edist\u00e4\u00e4 opiskelijoiden ty\u00f6mahdollisuuksia ja verkostoitumista.<br><br>Yhdistys pyrkii edist\u00e4m\u00e4\u00e4n opetusta, tukemaan opiskelijoiden yhteis\u00f6llisyytt\u00e4 sek\u00e4, lis\u00e4\u00e4m\u00e4\u00e4n oppiaineen n\u00e4kyvyytt\u00e4 yritysmaailmassa ja sen ulkopuolella.<br><br>Tarkoituksensa toteuttamiseksi Synergia:<br>\n<ul class=\"wp-block-list\">\n<li>J\u00e4rjest\u00e4\u00e4 tapahtumia, koulutustilaisuuksia, sek\u00e4 muuta oheistoimintaa<\/li>\n\n\n\n<li>Luo ja yll\u00e4pit\u00e4\u00e4 yhteyksi\u00e4 yliopiston eri toimijoihin, opiskelijaj\u00e4rjest\u00f6ihin, Synergian yhteisty\u00f6kumppaneihin, sek\u00e4 muihin yhdistyksiin<\/li>\n\n\n\n<li>Yll\u00e4pit\u00e4\u00e4 yhteytt\u00e4 j\u00e4senist\u00f6ns\u00e4 ja yll\u00e4 mainittujen toimijoiden v\u00e4lill\u00e4<\/li>\n\n\n\n<li>Tekee aloitteita ja kannanottoja, sek\u00e4 harjoittaa edunvalvontaa<\/li>\n\n\n\n<li>Perii j\u00e4senmaksuja, vastaanottaa lahjoituksia, sek\u00e4 harjoittaa varainkeruuta muilla keinoin<\/li>\n\n\n\n<li>Omistaa toimintaansa tarpeellista irtaimistoa ja kiinte\u00e4\u00e4 omaisuutta.<br><\/li>\n<\/ul>\n<\/li>\n\n\n\n<li><strong>J\u00e4seneksi liittyminen ja j\u00e4senkelpoisuus<br><\/strong><br>Synergian varsinaiseksi j\u00e4seniksi voivat hakea kaikki Helsingin yliopiston soveltavan psykologian opiskelijat, sek\u00e4 organisaatiopsykologian maisteriopiskelijat.<br><br>J\u00e4senhakemuksen ulkoj\u00e4seneksi voi j\u00e4tt\u00e4\u00e4 my\u00f6s vaihto-oppilaat, alumnit ja Synergiasta kiinnostuneet muun alan opiskelijat. Hyv\u00e4ksyttyin\u00e4 heihin p\u00e4tee samat oikeudet ja velvollisuudet kuin varsinaisiin j\u00e4seniin, pois lukien \u00e4\u00e4nioikeus yhdistyksen kokouksissa ja oikeus toimia yhdistyksen hallituksessa.<br><br>J\u00e4senhakemuksen yhteydess\u00e4 hakijan tulee:<br>&#8211; Hyv\u00e4ksy\u00e4 Synergian s\u00e4\u00e4nn\u00f6t<br>&#8211; Hyv\u00e4ksy\u00e4 tietosuojaseloste ja luovuttaa kysytyt henkil\u00f6tiedot.<br><br>Synergian hallitus hyv\u00e4ksyy uusien j\u00e4senten j\u00e4senanomukset viimeist\u00e4\u00e4n seuraavassa hallituksen kokouksessa.<br><br>Jokaisen Synergian j\u00e4senen tulee maksaa j\u00e4senmaksu ennen j\u00e4seneksi hyv\u00e4ksymist\u00e4.<br><br>J\u00e4senmaksun suuruus p\u00e4\u00e4tet\u00e4\u00e4n syyskokouksessa. J\u00e4senmaksu m\u00e4\u00e4ritell\u00e4\u00e4n tarkemmin hallinto-ohjes\u00e4\u00e4nn\u00f6ss\u00e4.<br><br>Erikoistapauksessa hallitus voi my\u00f6nt\u00e4\u00e4 helpotusta j\u00e4senmaksuun yksitt\u00e4isille henkil\u00f6ille.<br><br>Helpotusta voidaan my\u00f6nt\u00e4\u00e4 esimerkiksi, jos kyseisen henkil\u00f6n taloudellinen tilanne on heikko h\u00e4nest\u00e4 itsest\u00e4\u00e4n riippumattomista syist\u00e4. J\u00e4senmaksun helpotus on tapauskohtaista ja sit\u00e4 on tarkennettu hallinto-ohjes\u00e4\u00e4nn\u00f6ss\u00e4.<br><\/li>\n\n\n\n<li><strong>J\u00e4senten oikeudet ja velvollisuudet<br><\/strong><br>Kaikkien j\u00e4senten pit\u00e4\u00e4 hyv\u00e4ksy\u00e4 Synergian s\u00e4\u00e4nn\u00f6t. Synergian j\u00e4senten tulee kunnioittaa ja toimia yhdistyksen tavoitteiden ja tarkoitusperien mukaisesti.<br><br>Synergian varsinaiset j\u00e4senet ovat vaalikelpoisia. Varsinaiset j\u00e4senet voivat asettua ehdolle luottamusteht\u00e4viin ja valittuna toimia n\u00e4iss\u00e4 teht\u00e4viss\u00e4.<br><br>Synergian varsinaiset j\u00e4senet ovat \u00e4\u00e4nioikeutettuja yhdistyksen kokouksissa.<br><br>Synergia pit\u00e4\u00e4 j\u00e4senist\u00e4\u00e4n j\u00e4senrekisteri\u00e4. J\u00e4senrekisteriin kirjataan tarkemmin hallintoohjes\u00e4\u00e4nn\u00f6ss\u00e4 kerrotut tiedot.<\/li>\n\n\n\n<li><strong>J\u00e4senyyden p\u00e4\u00e4ttyminen<br><\/strong><br>Synergian j\u00e4sen voi erota kirjallisella ilmoituksella hallitukselle tai sen puheenjohtajalle.<br><br>Erohalukkuuden voi my\u00f6s yhdistyksen kokouksessa pyyt\u00e4\u00e4 lis\u00e4tt\u00e4v\u00e4ksi p\u00f6yt\u00e4kirjaan.<br><br>Yhdistyksen j\u00e4senen j\u00e4senyys katsotaan p\u00e4\u00e4ttyneeksi, kun j\u00e4sen on j\u00e4tt\u00e4nyt j\u00e4senmaksun maksamatta yhden (1) kuukauden ajan siit\u00e4, kun sen maksaminen tuli h\u00e4nelle mahdolliseksi.<br><br>Hallitus voi erottaa Synergian j\u00e4senen jos:<br>-J\u00e4sen on rikkonut Synergian s\u00e4\u00e4nt\u00f6j\u00e4<br>-J\u00e4sen on toiminnallaan vahingoittanut Synergiaa yhdistyksen\u00e4<br>-J\u00e4sen on j\u00e4tt\u00e4nyt j\u00e4senmaksun maksamatta<br>-J\u00e4sen ei en\u00e4\u00e4 t\u00e4yt\u00e4 j\u00e4senehtoja.<br><br>Hallituksen j\u00e4senet \u00e4\u00e4nest\u00e4v\u00e4t yhdistyksen j\u00e4senen erottamisesta hallituksen kokouksessa kolmen nelj\u00e4sosan (3\/4) enemmist\u00f6ll\u00e4 l\u00e4sn\u00e4olevien \u00e4\u00e4nist\u00e4. Erottamisp\u00e4\u00e4t\u00f6ksen j\u00e4lkeen erotettavalla j\u00e4senell\u00e4 on oikeus valittaa p\u00e4\u00e4t\u00f6ksest\u00e4 seitsem\u00e4n (7) vuorokauden kuluessa. Hallituksen tulee k\u00e4sitell\u00e4 valitus viimeist\u00e4\u00e4n seuraavassa hallituksen kokouksessa. Valitusoikeuden tai uudelleenk\u00e4sittelyn p\u00e4\u00e4tytty\u00e4 p\u00e4\u00e4t\u00f6s on lainvoimainen. J\u00e4senen erottamista koskevia m\u00e4\u00e4r\u00e4yksi\u00e4 voidaan tarkentaa hallinto-ohjes\u00e4\u00e4nn\u00f6ss\u00e4.<br><\/li>\n\n\n\n<li><strong>Hallitus<\/strong><br><br>Synergian hallitukseen kuuluu puheenjohtajan, varapuheenjohtajan ja taloudenhoitajan lis\u00e4ksi 2-16 varsinaista j\u00e4sent\u00e4 sek\u00e4, 0-6 varaj\u00e4sent\u00e4. Hallituksen toimintakausi on vuosikokousten v\u00e4linen aika.<br><br>Synergian hallitus k\u00e4ytt\u00e4\u00e4 p\u00e4\u00e4t\u00e4nt\u00e4valtaa hoitaessaan yhdistyksen asioita. Synergian hallituksen tulee toimia ja tehd\u00e4 p\u00e4\u00e4t\u00f6ksi\u00e4 yhdistyksen etuja edist\u00e4en.<br><\/li>\n\n\n\n<li><strong>Hallituksen kokous<br><\/strong><br>Hallitus kokoontuu puheenjohtajan tai varapuheenjohtajan pyynn\u00f6st\u00e4 tai, jos puolet hallituksen j\u00e4senist\u00e4 sit\u00e4 vaatii. Hallituksen j\u00e4senten kokousta vaatiessa, t\u00e4ytyy kokous<br>j\u00e4rjest\u00e4\u00e4 nelj\u00e4ntoista (14) vuorokauden kuluessa vaatimuksesta. Hallituksen kokous on p\u00e4\u00e4t\u00f6svaltainen, jos v\u00e4hint\u00e4\u00e4n puolet hallituksen j\u00e4senist\u00e4, puheenjohtaja ja\/tai<br>varapuheenjohtaja mukaan luettuna on paikalla.<br><br>Hallitus kokoontuu 31.8.-31.5. v\u00e4lisen\u00e4 aikana v\u00e4hint\u00e4\u00e4n kerran (1) kuukaudessa.<br><br>Hallituksen kokoukset ovat kaikille j\u00e4senille avoimia, kuitenkin vain hallituksen j\u00e4senet ovat \u00e4\u00e4nioikeutettuja. \u00c4\u00e4nten tasatilanteessa puheenjohtajan \u00e4\u00e4ni ratkaisee. Hallitus voi<br>tarvittaessa pit\u00e4\u00e4 suljettuja kokouksia hallinto-ohjes\u00e4\u00e4nn\u00f6ss\u00e4 m\u00e4\u00e4ritellyin perustein.<br><br>Kutsu hallituksen kokoukseen on l\u00e4hetett\u00e4v\u00e4 v\u00e4hint\u00e4\u00e4n viisi (5) vuorokautta ja esityslista v\u00e4hint\u00e4\u00e4n kolme (3) vuorokautta ennen kokousta.<br><\/li>\n\n\n\n<li><strong>Hallituksen eroaminen ja erottaminen<br><\/strong><br>Yhdistyksen kokous voi erottaa hallituksen, tai sen j\u00e4senen kesken toimikauden kolmen nelj\u00e4sosan (3\/4) paikalla olevien enemmist\u00f6ll\u00e4, mutta t\u00e4ll\u00f6in on erottamisesta mainittava kokouskutsussa.<br><br>Jos hallitus kesken toimikauden eroaa, tai se erotetaan teht\u00e4v\u00e4st\u00e4\u00e4n, uusi hallitus on valittava yhdistyksen kokouksessa kolmenkymmenen (30) p\u00e4iv\u00e4n kuluessa j\u00e4ljell\u00e4 olevaksi<br>toimikaudeksi. Eroava tai erotettava hallitus hoitaa v\u00e4ltt\u00e4m\u00e4tt\u00f6m\u00e4t hallitukselle kuuluvat teht\u00e4v\u00e4t siihen saakka, kunnes uusi hallitus on valittu.<br><br>Jos hallituksen j\u00e4sen eroaa, tai h\u00e4n erotetaan kesken toimikauden, kutsuu hallitus tarvittaessa yhdistyksen ylim\u00e4\u00e4r\u00e4isen kokouksen koolle t\u00e4ydent\u00e4m\u00e4\u00e4n hallitusta.<br><\/li>\n\n\n\n<li><strong>Vastuutiimit<\/strong><br><br>Synergian vakituisia vastuutiimej\u00e4 ovat:<br>&#8211; Edunvalvontatiimi<br>&#8211; Viestint\u00e4- ja markkinointitiimi<br>&#8211; Tapahtumatiimi.<br><br>Yksi (1) tai useampi j\u00e4senist\u00e4 toimii tiimins\u00e4 edustajana ja valitaan vaalikokouksessa Synergian hallitukseen.<br><br>N\u00e4iden vastuutiimien lis\u00e4ksi Synergian hallitus voi tarpeen vaatiessa perustaa v\u00e4liaikaisia vastuutiimej\u00e4 ja m\u00e4\u00e4ritt\u00e4\u00e4 n\u00e4ille vastuualueen.<br><br>Vastuutiimit m\u00e4\u00e4ritell\u00e4\u00e4n tarkemmin hallinto-ohjes\u00e4\u00e4nn\u00f6ss\u00e4.<br><\/li>\n\n\n\n<li><strong>Tilikausi<\/strong><br><br>Synergian tilikausi on kalenterivuosi.<br><br>Tilinp\u00e4\u00e4t\u00f6s vahvistetaan ja vastuuvapaudesta p\u00e4\u00e4tet\u00e4\u00e4n vuosikokouksessa. Vuosikokouksessa valitaan tilintarkastaja tai toiminnantarkastajat tilintarkastusvelvollisuuden mukaan.<br><br>Tilinp\u00e4\u00e4t\u00f6s ja Synergian vuosikertomus, sek\u00e4 tarvittavat liitteet tulee toimittaa tilintarkastajalle tai toiminnantarkastajille v\u00e4hint\u00e4\u00e4n kolmekymment\u00e4 (30) vuorokautta ennen vuosikokousta.<br><br>Tilintarkastajan tai toiminnantarkastajien tulee antaa kirjallinen lausuntonsa v\u00e4hint\u00e4\u00e4n nelj\u00e4toista (14) vuorokautta ennen vuosikokousta.<br><br>Tilintarkastajan tai toiminnantarkastajien valinta m\u00e4\u00e4ritell\u00e4\u00e4n tarkemmin hallintoohjes\u00e4\u00e4nn\u00f6ss\u00e4.<br><\/li>\n\n\n\n<li><strong>Vuosikokous<\/strong><br><br>Synergian vuosikokous j\u00e4rjestet\u00e4\u00e4n tammi-helmikuussa. Kokouskutsu ja asialista on toimitettava yhdistyksen j\u00e4senille v\u00e4hint\u00e4\u00e4n seitsem\u00e4n (7) vuorokautta ennen kokousta<br>yhdistyksen s\u00e4hk\u00f6postilistalla.<br><br>Synergian vuosikokouksessa tulee k\u00e4sitell\u00e4 ainakin seuraavat asiat:<br>&#8211; Esitet\u00e4\u00e4n edellisen vuoden tilinp\u00e4\u00e4t\u00f6s, hallituksen vuosikertomus ja tilintarkastajan tai toiminnantarkastajien lausunto<br>&#8211; P\u00e4\u00e4tet\u00e4\u00e4n tilinp\u00e4\u00e4t\u00f6ksen vahvistamisesta ja vastuuvapauden my\u00f6nt\u00e4misest\u00e4 nykyiselle hallitukselle sek\u00e4 muille vastuuvelvollisille<br>&#8211; Vahvistetaan toimintasuunnitelma, tulo- ja menoarvio<br>&#8211; Valitaan yksi tai kaksi tilintarkastajaa tai toiminnantarkastajaa ja heille varatarkastajat<br><br>Vuosikokouksen esityslistan kohtia voidaan tarkentaa erillisell\u00e4 hallinto-ohjes\u00e4\u00e4nn\u00f6ll\u00e4.<br><\/li>\n\n\n\n<li><strong>Seuraavan hallituksen valinta ja syyskokous<br><\/strong><br>Hallitus j\u00e4rjest\u00e4\u00e4 vaalit ja yhdistyksen syyskokouksen 16.10.-16.12. v\u00e4lisen\u00e4 aikana, joissa \u00e4\u00e4nestet\u00e4\u00e4n uudesta hallituksesta. Vaaleja tarkennetaan hallinto-ohjes\u00e4\u00e4nn\u00f6ss\u00e4.<br><br>Syyskokouksessa tulee k\u00e4sitell\u00e4 ainakin seuraavat asiat:<br>&#8211; Valitaan Synergialle seuraavan hallituskauden puheenjohtaja, varapuheenjohtaja ja taloudenhoitaja<br>&#8211; Valitaan Synergialle seuraavan hallituskauden muut hallituksen j\u00e4senet<br>&#8211; Valitaan mahdolliset varaj\u00e4senet ja p\u00e4\u00e4tet\u00e4\u00e4n n\u00e4iden mahdollinen sis\u00e4\u00e4ntuloj\u00e4rjestys.<br><br>Hallitukseen voidaan liitt\u00e4\u00e4 yhdistyksen kokouksella uusia j\u00e4seni\u00e4 koko toimintakauden ajan.<br><br>Syyskokouksen ja vuosikokouksen v\u00e4linen aika k\u00e4ytet\u00e4\u00e4n uuden hallituksen perehdytt\u00e4miseen. Perehdytyksess\u00e4 tuleva hallitus seuraa istuvan hallituksen toimintaa esimerkiksi osallistumalla hallituksen kokouksiin. Perehdytyst\u00e4 tarkennetaan hallinto-ohjes\u00e4\u00e4nn\u00f6ss\u00e4.<br><\/li>\n\n\n\n<li><strong>P\u00f6yt\u00e4kirjat<\/strong><br><br>Sek\u00e4 hallituksen, ett\u00e4 yhdistyksen kokouksissa pidet\u00e4\u00e4n kokousp\u00f6yt\u00e4kirjaa, jonka kokouksen puheenjohtaja ja toinen hallituksen j\u00e4sen allekirjoittavat. Yhdistyksen kokouksissa valitaan<br>kaksi p\u00f6yt\u00e4kirjantarkastajaa, jotka varmentavat p\u00f6yt\u00e4kirjan allekirjoituksillaan.<br><br>Tieto yhdistyksen kokouksessa k\u00e4sitellyist\u00e4 ja p\u00e4\u00e4tetyist\u00e4 asioista on kahden viikon kuluessa saatettava tiedoksi yhdistyksen j\u00e4senille.<br><\/li>\n\n\n\n<li><strong>Nimenkirjoittajat<\/strong><br><br>Synergian nimenkirjoittajana voi toimia puheenjohtaja tai taloudenhoitaja yksin, tai hallituksen muu j\u00e4sen puheenjohtajan tai varapuheenjohtajan kanssa yhdess\u00e4.<br><br>Nimenkirjoitusoikeus voidaan my\u00f6nt\u00e4\u00e4 my\u00f6s muulle luottamushenkil\u00f6lle hallituksen kokouksen p\u00e4\u00e4t\u00f6ksell\u00e4.<br><\/li>\n\n\n\n<li><strong>Yhdistyksen purkaminen<br><\/strong><br>Yhdistys purkautuu, jos sit\u00e4 koskeva p\u00e4\u00e4t\u00f6s on tehty kahdessa per\u00e4kk\u00e4isess\u00e4 v\u00e4hint\u00e4\u00e4n kolmenkymmenen (30) vuorokauden v\u00e4liajoin pidetyss\u00e4 yhdistyksen kokouksessa ja<br>v\u00e4hint\u00e4\u00e4n kolme nelj\u00e4sosaa (3\/4) \u00e4\u00e4nestyksess\u00e4 annetuista \u00e4\u00e4nist\u00e4 on kannattanut yhdistyksen purkamista. Esityslistassa on mainittava, ett\u00e4 kokouksessa k\u00e4sitell\u00e4\u00e4n yhdistyksen purkamista.<br><br>Purku- tai lakkautustilanteessa varat k\u00e4ytet\u00e4\u00e4n Helsingin yliopiston soveltavan psykologian opiskelijoiden hyv\u00e4ksi, tarkempi k\u00e4ytt\u00f6kohde m\u00e4\u00e4ritet\u00e4\u00e4n toisessa purkamista k\u00e4sittelev\u00e4ss\u00e4<br>kokouksessa.<br><\/li>\n\n\n\n<li><strong>S\u00e4\u00e4nt\u00f6jen muutos<br><\/strong><br>P\u00e4\u00e4t\u00f6s s\u00e4\u00e4nt\u00f6jen muuttamisesta on teht\u00e4v\u00e4 yhdistyksen kokouksessa v\u00e4hint\u00e4\u00e4n kolmen nelj\u00e4sosan (3\/4) enemmist\u00f6ll\u00e4 l\u00e4sn\u00e4olevien \u00e4\u00e4nist\u00e4. Kokouskutsussa on mainittava<br>s\u00e4\u00e4nt\u00f6jen muuttamisesta.<br><br>Hallinto-ohjes\u00e4\u00e4nt\u00f6\u00e4 voidaan muuttaa hallituksen kokouksella v\u00e4hint\u00e4\u00e4n kolmen nelj\u00e4sosan (3\/4) enemmist\u00f6ll\u00e4 l\u00e4sn\u00e4olevien \u00e4\u00e4nist\u00e4.<br><br>Yll\u00e4 olevia s\u00e4\u00e4nt\u00f6j\u00e4 voi Synergian hallitus tarkentaa erikseen m\u00e4\u00e4ritetyll\u00e4 hallintoohjes\u00e4\u00e4nn\u00f6ll\u00e4.<\/li>\n<\/ol>\n","protected":false},"excerpt":{"rendered":"<p>N\u00e4m\u00e4 s\u00e4\u00e4nn\u00f6t ovat voimassa 18.11.2025 alkaen<\/p>\n","protected":false},"author":1,"featured_media":0,"parent":0,"menu_order":0,"comment_status":"closed","ping_status":"closed","template":"","meta":{"footnotes":""},"class_list":["post-124","page","type-page","status-publish","hentry"],"_links":{"self":[{"href":"https:\/\/www.synergiary.fi\/etusivu\/wp-json\/wp\/v2\/pages\/124","targetHints":{"allow":["GET"]}}],"collection":[{"href":"https:\/\/www.synergiary.fi\/etusivu\/wp-json\/wp\/v2\/pages"}],"about":[{"href":"https:\/\/www.synergiary.fi\/etusivu\/wp-json\/wp\/v2\/types\/page"}],"author":[{"embeddable":true,"href":"https:\/\/www.synergiary.fi\/etusivu\/wp-json\/wp\/v2\/users\/1"}],"replies":[{"embeddable":true,"href":"https:\/\/www.synergiary.fi\/etusivu\/wp-json\/wp\/v2\/comments?post=124"}],"version-history":[{"count":4,"href":"https:\/\/www.synergiary.fi\/etusivu\/wp-json\/wp\/v2\/pages\/124\/revisions"}],"predecessor-version":[{"id":222,"href":"https:\/\/www.synergiary.fi\/etusivu\/wp-json\/wp\/v2\/pages\/124\/revisions\/222"}],"wp:attachment":[{"href":"https:\/\/www.synergiary.fi\/etusivu\/wp-json\/wp\/v2\/media?parent=124"}],"curies":[{"name":"wp","href":"https:\/\/api.w.org\/{rel}","templated":true}]}}