{"id":30,"date":"2025-02-06T11:52:55","date_gmt":"2025-02-06T11:52:55","guid":{"rendered":"https:\/\/www.synergiary.fi\/etusivu\/?page_id=30"},"modified":"2026-04-20T12:20:59","modified_gmt":"2026-04-20T10:20:59","slug":"kalenteri","status":"publish","type":"page","link":"https:\/\/www.synergiary.fi\/etusivu\/kalenteri\/","title":{"rendered":"Tapahtumat"},"content":{"rendered":"\n<p>Uusimmat Synergian tapahtumat l\u00f6yd\u00e4t k\u00e4tevimmin <a href=\"https:\/\/www.instagram.com\/synergiary\/\" data-type=\"link\" data-id=\"https:\/\/www.instagram.com\/synergiary\/\">Instagramista<\/a> tai viikkokirjeest\u00e4!<\/p>\n\n\n\n<p>Jos haluat j\u00e4rjest\u00e4\u00e4 tapahtuman tai muuta toimintaa, <a href=\"https:\/\/www.synergiary.fi\/etusivu\/yhteystiedot\/\" data-type=\"page\" data-id=\"11\">ota yhteytt\u00e4 <\/a>tapahtumavastaaviin (tapahtumat@synergiary.fi)<\/p>\n\n\n\n<p><\/p>\n","protected":false},"excerpt":{"rendered":"<p>Uusimmat Synergian tapahtumat l\u00f6yd\u00e4t k\u00e4tevimmin Instagramista tai viikkokirjeest\u00e4! Jos haluat j\u00e4rjest\u00e4\u00e4 tapahtuman tai muuta toimintaa, ota yhteytt\u00e4 tapahtumavastaaviin (tapahtumat@synergiary.fi)<\/p>\n","protected":false},"author":1,"featured_media":0,"parent":0,"menu_order":0,"comment_status":"closed","ping_status":"closed","template":"","meta":{"footnotes":""},"class_list":["post-30","page","type-page","status-publish","hentry"],"_links":{"self":[{"href":"https:\/\/www.synergiary.fi\/etusivu\/wp-json\/wp\/v2\/pages\/30","targetHints":{"allow":["GET"]}}],"collection":[{"href":"https:\/\/www.synergiary.fi\/etusivu\/wp-json\/wp\/v2\/pages"}],"about":[{"href":"https:\/\/www.synergiary.fi\/etusivu\/wp-json\/wp\/v2\/types\/page"}],"author":[{"embeddable":true,"href":"https:\/\/www.synergiary.fi\/etusivu\/wp-json\/wp\/v2\/users\/1"}],"replies":[{"embeddable":true,"href":"https:\/\/www.synergiary.fi\/etusivu\/wp-json\/wp\/v2\/comments?post=30"}],"version-history":[{"count":8,"href":"https:\/\/www.synergiary.fi\/etusivu\/wp-json\/wp\/v2\/pages\/30\/revisions"}],"predecessor-version":[{"id":250,"href":"https:\/\/www.synergiary.fi\/etusivu\/wp-json\/wp\/v2\/pages\/30\/revisions\/250"}],"wp:attachment":[{"href":"https:\/\/www.synergiary.fi\/etusivu\/wp-json\/wp\/v2\/media?parent=30"}],"curies":[{"name":"wp","href":"https:\/\/api.w.org\/{rel}","templated":true}]}}